sor of 75 and q?
75
Let w(x) = x**2 - 11*x + 8. Let d be w(7). Let y = d - -26. Let b be (-8)/y*(-507)/26. What is the highest common factor of b and 39?
13
Suppose -2*a + 15 = -31. Let q = a - 25. Let r(h) = -4*h**3 - 3*h**2. Let c be r(q). What is the greatest common factor of 5 and c?
5
Suppose -5*a = -10*a + 650. Let r = 140 - a. What is the highest common divisor of r and 240?
10
Let j be 3*(48/(-54) + (-2)/(-9)). Let a be (j - 46)*9/(-6). Calculate the greatest common factor of a and 9.
9
Suppose -j - 12 = -v, -16*v - 3*j = -11*v - 108. What is the greatest common factor of v and 1602?
18
Suppose -m - 4 = 0, -2*m + 588 = -2*o - 2*o. Let f = -119 - o. Calculate the greatest common divisor of f and 75.
15
Suppose 5*h + 2*n + n - 99 = 0, -2*h = -5*n + 10. What is the highest common factor of h and 453?
3
Let s = 992 + -192. Suppose 5*x = q - s, 3*x - 1190 = -4*q + 2056. Calculate the highest common factor of q and 45.
45
Let w = 10894 - 10858. Calculate the highest common factor of w and 6534.
18
Let h be (-50)/6*(4 + -14 - -7). Suppose h - 15 = b. What is the highest common divisor of 90 and b?
10
Let x be ((-9)/(-18))/((-2)/(-312)). Let m = -10 - -13. Suppose 4*n - m*z - 84 = z, 5*z = -5*n + 155. What is the greatest common factor of n and x?
26
Suppose 0 = -6*j + 15*j - 4113. Let i = j + -247. What is the highest common divisor of 126 and i?
42
Suppose 8*u - 230 = 3*u. Let k be -6*(1 - -1)*2/(-4). Suppose k*y - 1075 = -799. Calculate the highest common factor of u and y.
46
Let c(t) = 106 + 6*t - 64 - 122. Let f be c(17). What is the highest common divisor of 352 and f?
22
Let c be (-2)/(-4) + (-148)/(-8). Let b = -137 + 142. Suppose -5*o = -b*z - 855, 0*z = 4*z. What is the highest common factor of c and o?
19
Let x be (-12)/54 + (59024/(-18))/(-14). What is the highest common factor of x and 9?
9
Let f be ((-742)/8)/(-16 + (-3576)/(-224)). What is the highest common factor of 106 and f?
53
Let q be (3406/(-7))/(10/(-140)*2). Calculate the highest common factor of 13 and q.
13
Suppose 7*t + 3*d - 3870 = 0, 7*t - 544 = 6*t + 4*d. Suppose o - 6 = -2. Calculate the greatest common divisor of t and o.
4
Suppose 0 = -92*l + 175*l + 143*l - 30510. What is the greatest common factor of l and 300?
15
Let c be 1/(4 + (-664)/168). Suppose 19*h - c - 55 = 0. What is the highest common factor of h and 2?
2
Suppose -4961 + 16981 = 4*n + 2*b, 2*n = -5*b + 5986. What is the greatest common factor of n and 846?
94
Let x(s) = -24*s + 5163. Let l be x(38). What is the highest common factor of l and 39?
39
Suppose 41 + 74 = 29*n - 59. Calculate the highest common factor of 573 and n.
3
Let d(c) = 2*c + 29. Let h be d(-11). Suppose h*w - 339 = 3*w - 3*o, -2*w - 4*o = -172. What is the highest common divisor of 56 and w?
28
Let n be (0/(-1))/(-1 - (-2 - -2)). Suppose -14*u + 10*u = -3*m + 818, 3*m + 3*u - 804 = n. What is the highest common divisor of 30 and m?
30
Suppose q = -1 - 3. Let k = q - -13. Suppose 2*a = -4*t + 393 + 121, 5*t + 3*a - 645 = 0. Calculate the greatest common divisor of k and t.
9
Let s(x) = -x**2 - 16*x - 27. Let c be s(-17). Let l = -41 - c. Suppose -4 = -4*a + 3*b, a + 4 + 4 = l*b. What is the greatest common divisor of 36 and a?
4
Suppose 217*d = 215*d + 2*o + 13680, 2*d = 4*o + 13668. What is the highest common factor of d and 84?
42
Let l(b) be the first derivative of -b**4/4 - b**3/3 - 3*b**2/2 + 90*b + 178. Let r be l(0). What is the greatest common divisor of r and 234?
18
Suppose 13*n - 1596 = -8*n. Suppose 438 = 5*c - 417. What is the greatest common factor of n and c?
19
Suppose 432*v + 75 = 457*v. Let h(k) = k**3 - 5*k**2 - 5*k - 3. Let f be h(6). Suppose -5*b + 108 - f = 0. What is the highest common factor of v and b?
3
Let l = 359 + -467. Let c = l - -583. Calculate the greatest common factor of 25 and c.
25
Let n be (100/(-40))/(1*(-2)/56). Let c(j) = 39*j - 4. Let x be c(3). Suppose 5*y - 27 - x = 0. What is the highest common divisor of n and y?
14
Suppose 1195 - 15 = 10*p - 90. Calculate the greatest common factor of 7493 and p.
127
Let m(c) = 171*c - 2638. Let o be m(38). What is the highest common divisor of o and 20?
20
Let c(g) = 293*g + 8825. Let y be c(-30). What is the greatest common divisor of y and 2527?
7
Let w = 10946 + -6823. Calculate the greatest common factor of 7 and w.
7
Let r(l) = l**2 + 2*l + 2. Let j be r(0). Let c(o) = 26*o + 11. Let i be c(j). What is the highest common factor of i and 28?
7
Let a = 1201 - 1151. Calculate the highest common divisor of 1175 and a.
25
Let b(k) = -2*k + 1. Let x(t) = -13*t + 49. Let d(q) = -6*b(q) + x(q). Let r be d(11). Calculate the highest common divisor of 96 and r.
32
Let d be 22*(186/(-310))/(3/(-5)). Calculate the greatest common factor of 1309 and d.
11
Let x be 3494/4*(40 + -12). What is the greatest common factor of 14 and x?
14
Let q(v) = v**3 - 8*v**2 - 2*v + 8. Let z be q(7). Let f = z + 32. Let x = f + 50. Calculate the highest common divisor of x and 3.
3
Let x = -13876 - -13984. What is the highest common divisor of 604 and x?
4
Suppose -3*j + 10 - 46 = 0. Let o = j - -39. Suppose -5*f + o + 3 = 0. Calculate the highest common factor of f and 66.
6
Let h(d) = -23*d**3 + 2*d**2 + 4*d + 4. Let t be h(-2). Let u = t - 173. Let o be (-2 - (-1 - -2))*-15. Calculate the highest common factor of u and o.
15
Suppose 0 = -5372*h + 5391*h - 665. Calculate the greatest common divisor of h and 56.
7
Let b be (-32)/(2 - 10) + 51. Calculate the greatest common divisor of b and 115.
5
Suppose -r - 1561 = 6*r. Let c = r + 265. Calculate the highest common divisor of 189 and c.
21
Let d = -515 + 541. Suppose d*v + 396 = 44*v. Calculate the greatest common divisor of v and 253.
11
Let b(y) = 30*y - 8. Let c be 9/15 + 2 - 15/25. Let o be b(c). Let d = o - 36. What is the greatest common divisor of 144 and d?
16
Let x be 639*(-32)/240*-190. Calculate the highest common divisor of 228 and x.
228
Suppose -2*d + 22 = 2. Let l = d + -30. Let a = 43 + l. Calculate the greatest common factor of a and 69.
23
Suppose 9*x - 14*x = -5. Let n be 4 + x - -1*1. Suppose n*k + 40 - 238 = 0. What is the greatest common factor of 3 and k?
3
Let d = -997 - -1747. Calculate the greatest common divisor of 4800 and d.
150
Suppose -2*j - 4 = 0, h - 2*j = j + 49. Suppose -7*f = -211 + h. Suppose -72 = -2*g + f. Calculate the greatest common factor of g and 32.
16
Suppose -57*m + 11074 - 3260 = -17665. Calculate the greatest common divisor of 1043 and m.
149
Let c(z) = 2*z**2 + 102*z - 1685. Let k be c(14). Calculate the highest common factor of 435 and k.
15
Let u = -8 - -10. Suppose 3*a + 4*f = 627, 0*a + 2*f - 418 = -u*a. Let i be ((-235 + 7)/6)/(0 + -2). Calculate the greatest common divisor of i and a.
19
Let g(i) = -i**2 - 39*i - 279. Let t be g(-15). Calculate the greatest common divisor of t and 3.
3
Suppose z - 8 - 16 = 0. Suppose -5*w + 27 = -3*w - 3*y, 0 = -5*w + 2*y + 84. Let m = z - w. What is the highest common divisor of m and 48?
6
Let s(b) = 32 + 6*b - 16 - 5 + b**2. Let u be s(-5). Calculate the highest common factor of 8 and u.
2
Suppose 687*o - 349*o + 73056 = 346*o. What is the highest common divisor of 12 and o?
12
Let z be 22*(20/15 + (-6)/2)*-3. What is the highest common factor of 600 and z?
10
Let s be ((2 + -2 - 3) + 6)*12. Suppose -8*k + 16 = -4*k. Calculate the highest common divisor of s and k.
4
Let d(f) = -5*f**3 + 6*f**2 + 6*f + 11. Let p be d(-5). Suppose -256*q = -260*q + p. Calculate the greatest common divisor of q and 14.
7
Let v(t) = -14*t - 79. Let n be v(0). Let f = n - -181. Calculate the highest common divisor of 6 and f.
6
Suppose -4*p - 11 = -5*i + 21, -5*p + i = 19. Let r = p - -13. Suppose 0 = r*b - 18*b + 72. Calculate the greatest common divisor of b and 27.
9
Let q(f) = -2*f**2 - 38*f - 36. Let t be q(-18). Suppose -6*u - u + 42 = t. Calculate the greatest common factor of u and 186.
6
Suppose -5265 + 241 - 709 = -13*k. What is the greatest common factor of k and 81?
9
Let v = 31 - 22. Suppose v = -3*q, 4*i + 5*q - q = 2788. Let n be ((-2)/10)/((-8)/i)*2. What is the highest common divisor of n and 385?
35
Suppose -2*c - 6*u + 2*u - 8 = 0, -4 = -2*c - u. Suppose 221 = c*k + 57. Let g = 61 - k. What is the greatest common factor of g an